me factors of 2445331348?
2, 41, 107, 331, 421
List the prime factors of 1764669315.
3, 5, 41, 199, 14419
List the prime factors of 1195944772.
2, 11, 61, 445583
What are the prime factors of 91943515?
5, 47, 391249
What are the prime factors of 3908860465?
5, 23, 33990091
List the prime factors of 7146870.
2, 3, 5, 238229
What are the prime factors of 43022733?
3, 13, 17, 64891
What are the prime factors of 3308042752?
2, 7, 157, 5879
What are the prime factors of 107042861?
61, 1754801
What are the prime factors of 380520149?
380520149
List the prime factors of 176673239.
176673239
List the prime factors of 127272335.
5, 25454467
What are the prime factors of 131754080?
2, 5, 17, 59, 821
List the prime factors of 3325075520.
2, 5, 13, 109, 7333
List the prime factors of 422439681.
3, 17, 277, 1759
List the prime factors of 306702728.
2, 38337841
What are the prime factors of 932087870?
2, 5, 7, 13315541
What are the prime factors of 51076073?
487, 104879
What are the prime factors of 35102608?
2, 47, 46679
List the prime factors of 394876139.
7, 163, 346079
List the prime factors of 448198137.
3, 283, 58657
What are the prime factors of 110877242?
2, 7, 139, 227, 251
What are the prime factors of 83805262?
2, 41902631
What are the prime factors of 695038945?
5, 139007789
What are the prime factors of 77713729?
77713729
What are the prime factors of 46141333?
7, 6591619
What are the prime factors of 3809393987?
7, 31, 17554811
What are the prime factors of 49918871?
19, 193, 13613
List the prime factors of 2802615959.
11, 13, 2617, 7489
List the prime factors of 19378221.
3, 6459407
List the prime factors of 42074316.
2, 3, 31, 59, 71
List the prime factors of 53219852.
2, 7, 1900709
What are the prime factors of 1410453677?
773, 1824649
List the prime factors of 60061949.
67, 896447
List the prime factors of 142697235.
3, 5, 17, 559597
What are the prime factors of 144658550?
2, 5, 1093, 2647
What are the prime factors of 616301779?
619, 995641
What are the prime factors of 119832831?
3, 107, 41479
What are the prime factors of 533984124?
2, 3, 44498677
List the prime factors of 5954592610.
2, 5, 79, 109, 69151
What are the prime factors of 445816609?
7, 61, 127, 8221
What are the prime factors of 3587545292?
2, 17, 433, 121843
What are the prime factors of 3656834341?
3656834341
List the prime factors of 569288510.
2, 5, 7, 8132693
What are the prime factors of 2959039?
251, 11789
List the prime factors of 18737174.
2, 9368587
List the prime factors of 4565319481.
37, 123387013
List the prime factors of 46398471.
3, 7, 2209451
What are the prime factors of 411895002?
2, 3, 107, 641581
List the prime factors of 3494946986.
2, 1747473493
List the prime factors of 3893637.
3, 11, 117989
What are the prime factors of 4292769?
3, 13, 8467
List the prime factors of 452421831.
3, 109, 1383553
What are the prime factors of 1398429028?
2, 349607257
List the prime factors of 40203833.
569, 70657
What are the prime factors of 124662548?
2, 103, 302579
List the prime factors of 660587365.
5, 132117473
List the prime factors of 43714032.
2, 3, 910709
List the prime factors of 130583079.
3, 11, 991
What are the prime factors of 1721503948?
2, 997, 431671
List the prime factors of 752504497.
752504497
What are the prime factors of 52910420?
2, 5, 2645521
List the prime factors of 2587674414.
2, 3, 13, 17, 1951489
List the prime factors of 105906213.
3, 7, 317, 5303
What are the prime factors of 79229570?
2, 5, 7, 23099
List the prime factors of 149270814.
2, 3, 7, 11, 107699
What are the prime factors of 731915565?
3, 5, 149, 327479
List the prime factors of 4364793696.
2, 3, 19, 137, 17467
List the prime factors of 306421351.
67, 97, 47149
What are the prime factors of 85906742?
2, 42953371
What are the prime factors of 345086130?
2, 3, 5, 11502871
What are the prime factors of 2474258?
2, 1237129
What are the prime factors of 1808010405?
3, 5, 40178009
What are the prime factors of 585710744?
2, 853, 85831
What are the prime factors of 594159853?
7, 43, 47, 41999
What are the prime factors of 2969313599?
7, 424187657
List the prime factors of 64636495.
5, 7, 11, 167887
List the prime factors of 55781463.
3, 23, 35149
What are the prime factors of 6856579810?
2, 5, 3779, 181439
List the prime factors of 512779991.
2579, 198829
What are the prime factors of 33882395?
5, 6776479
What are the prime factors of 4562475346?
2, 11, 13, 15952711
What are the prime factors of 1189056357?
3, 5737, 23029
What are the prime factors of 2118516643?
743, 787, 3623
List the prime factors of 120783888.
2, 3, 838777
List the prime factors of 214793307.
3, 1163, 20521
List the prime factors of 1211645545.
5, 11, 197, 111827
What are the prime factors of 1003882401?
3, 3299, 33811
What are the prime factors of 15768209?
15768209
List the prime factors of 571409129.
571409129
What are the prime factors of 35060260?
2, 5, 1753013
What are the prime factors of 1435838089?
7, 23, 379, 23531
What are the prime factors of 336050344?
2, 7, 6000899
List the prime factors of 153035683.
17, 193, 46643
List the prime factors of 173823589.
17, 337, 30341
List the prime factors of 76856604.
2, 3, 11, 582247
What are the prime factors of 292388266?
2, 29, 179, 28163
What are the prime factors of 46051523?
7, 31, 61, 71
List the prime factors of 57125970.
2, 3, 5, 11, 19, 3037
List the prime factors of 4528589663.
13, 59, 71, 137, 607
List the prime factors of 1201464828.
2, 3, 269, 124067
What are the prime factors of 24627352?
2, 3078419
List the prime factors of 483040868.
2, 1697, 71161
What are the prime factors of 2035165?
5, 11, 37003
List the prime factors of 1654194668.
2, 7, 37, 1596713
List the prime factors of 15378169.
1009, 15241
What are the prime factors of 679604728?
2, 11, 367, 1913
What are the prime factors of 62979183?
3, 6997687
List the prime factors of 28200793.
31, 163, 5581
List the prime factors of 6779135420.
2, 5, 338956771
What are the prime factors of 71332315?
5, 23, 29, 73, 293
What are the prime factors of 913916166?
2, 3, 152319361
List the prime factors of 827738684.
2, 449, 641, 719
List the prime factors of 168630838.
2, 2203, 38273
List the prime factors of 51295861.
43, 1192927
What are the prime factors of 4961599507?
31, 103, 179, 8681
List the prime factors of 3300174990.
2, 3, 5, 7, 748339
List the prime factors of 649084262.
2, 31, 937, 11173
What are the prime factors of 5211314?
2, 79, 32983
List the prime factors of 907545637.
193, 4702309
What are the prime factors of 530127460?
2, 5, 23, 73, 15787
List the prime factors of 42199610.
2, 5, 17, 37, 6709
List the prime factors of 1267182055.
5, 67, 401, 9433
What are the prime factors of 907272344?
2, 11, 19, 163, 3329
List the prime factors of 680778161.
7, 29, 3353587
What are the prime factors of 110763742?
2, 227, 243973
What are the prime factors of 50351064?
2, 3, 19, 110419
What are the prime factors of 32381455?
5, 1231, 5261
What are the prime factors of 1282957692?
2, 3, 31, 227, 15193
What are the prime factors of 944487753?
3, 11, 59, 227, 2137
What are the prime factors of 40981815?
3, 5, 7, 17, 2551
List the prime factors of 1222720775.
5, 19, 2574149
What are the prime factors of 4108414?
2, 2054207
List the prime factors of 848579528.
2, 277, 382933
What are the prime factors of 47692980?
2, 3, 5, 264961
What are the prime factors of 284688224?
2, 8896507
What are the prime factors of 339845884?
2, 7, 23, 41, 61, 211
What are the prime factors of 62071027?
62071027
What are the prime factors of 164242546?
2, 13, 6317021
List the prime factors of 737085600.
2, 3, 5, 23, 4451
What are the prime factors of 975659526?
2, 3, 1061, 17029
What are the prime factors of 434280420?
2, 3, 5, 7, 114889
What are the prime factors of 5765589006?
2, 3, 29, 701, 47269
List the prime factors of 4272435650.
2, 5, 7, 71, 171929
List the prime factors of 2891035472.
2, 13, 13899209
List the prime factors of 3665062440.
2, 3, 5, 13, 107, 563
What are the prime factors of 2489927494?
2, 1244963747
List the prime factors of 56360104.
2, 59, 97, 1231
List the prime factors of 16146037.
157, 102841
What are the prime factors of 34004022?
2, 3, 13, 435949
List the prime factors of 1011203354.
2, 7